git of n?
5
Let m(q) = 3*q**3 - 8*q**2 + 3*q + 18. Let p be m(8). Suppose -5*g + 8*i - 6*i + 1335 = 0, -2*i - p = -4*g. What is the hundreds digit of g?
2
Suppose -10*c + 7*c + 189 = 0. Suppose c*a = 62*a + 4. Suppose 0 = 12*z - a*z - 1984. What is the hundreds digit of z?
2
Let t = 11299 - -6746. What is the thousands digit of t?
8
Suppose 0 = -13*u + 13*u + 18*u - 241380. What is the units digit of u?
0
Let z = 2481 + 696. Let b = z - 2161. What is the thousands digit of b?
1
Suppose -265*d + 250*d = 0. Let s(h) = -h - 1. Let y(f) = -5*f - 47. Let b(g) = 2*s(g) - y(g). What is the units digit of b(d)?
5
Suppose -3*o + 53564 = -m - 31385, 2*m + 28318 = o. What is the tens digit of o?
1
Let x = 65 + -45. Suppose 2*y + 4*u - 18 = 0, 0 = 3*y + 5*u - 12 - x. Suppose 1728 = -7*k + y*k. What is the units digit of k?
4
Let v = -393 + 472. Let r(a) = -a**2 + 3*a + 3. Let p be r(7). Let z = p + v. What is the units digit of z?
4
Let o(p) = 6*p**2 + 4*p + 4. Let y(r) = -3*r + 5*r + 9 - 10 - r. Let s(n) = o(n) - 8*y(n). What is the hundreds digit of s(6)?
2
Let r be (252/(-35))/12 + (-287)/5. What is the units digit of (-26 - r)/(2 + -2 + 2)?
6
What is the tens digit of ((-115174)/4)/(15/(-6)) - (-126)/210?
1
What is the thousands digit of (0 - (5 + 5)) + (-6 - -14847)?
4
Let z(d) = -3*d - 14. Let h be z(-6). Suppose 0 = -h*p - 7*m + 3*m + 696, -890 = -5*p + 5*m. Let u = p - 112. What is the units digit of u?
4
Let b = 721 + -353. Suppose -134*c = -133*c - b. What is the tens digit of c?
6
Let q be 0 + 1 + 6 + -4. Suppose 4*i = q*i + 3. Suppose -i*z + 2*z = -2*o + 37, 2*z = 3*o - 57. What is the units digit of o?
7
Let w(t) = -4*t**3 - 8*t**2 - 30*t + 44. Let b(y) = -7*y**3 - 17*y**2 - 59*y + 89. Let x(l) = 3*b(l) - 5*w(l). What is the hundreds digit of x(-14)?
0
Let o(u) be the first derivative of -287*u**2/2 - 299*u - 121. What is the tens digit of o(-6)?
2
Let g(w) = -18*w**2 - 9*w + 3*w**3 - 103 + 150 - 77. What is the tens digit of g(8)?
8
Suppose 802*j - 67188 = 796*j. What is the ten thousands digit of j?
1
Suppose 33*f - 15120 = 6*f. Suppose -5*c + f = v, 0*c - 2*v = 2*c - 232. What is the tens digit of c?
1
Suppose -15*b + 767366 + 332147 = 182413. What is the ten thousands digit of b?
6
Let w(i) = i**3 - 40*i**2 - 83*i - 45. Let o be w(42). What is the units digit of o/(-12) + 2637/12?
0
Suppose 0 = 5*y - 50 - 10. Let f be 3/2*8/y. Let t(i) = 151*i**3 + 4*i**2 - i - 1. What is the units digit of t(f)?
3
Suppose -2*m = 5*o - 3*o - 26, 15 = -5*o. Suppose 88*s - 81*s - 10395 = 0. Suppose m*r + s = 25*r. What is the tens digit of r?
6
Let r be (22/(-4) - -1)*(-2)/3. What is the units digit of (338/r)/(3/9 + 0)?
8
Suppose -2*c - 13 = -5. Let d(k) = -2*k**3 - 67*k**2 + 32*k - 56. Let h be d(-34). What is the units digit of (5 - (-669)/h) + (-1)/c?
1
Let s(j) = -j**3 - 21*j**2 - 17*j - 9. Let n(u) = -16*u - 35*u - 27 - 6*u**3 + 3*u**3 - 62*u**2. Let d(b) = 4*n(b) - 11*s(b). What is the units digit of d(-16)?
7
Suppose -a - a - 840 = 0. Let y = a - -771. What is the hundreds digit of y?
3
Let o = 9859 + -4867. What is the thousands digit of o?
4
Let m(z) = 1251*z**2 - 40*z + 117. What is the thousands digit of m(3)?
1
Let u(s) = -3*s**2 + 15*s - 7. Let z be u(4). Suppose -z*r = -15*r + 3540. What is the hundreds digit of r?
3
Suppose s - 712 = 289*r - 290*r, -2*s - r = -1421. What is the tens digit of s?
0
Let q = 113 + -108. Suppose q*f + 1325 = 10*f. What is the tens digit of f?
6
Let q be (8379/(-42))/((-3)/6). Let j = q + -190. What is the hundreds digit of j?
2
Suppose -1925434 - 174746 = -51*m. What is the tens digit of m?
8
Suppose -363*k + 358*k + 25 = 0, 0 = u + 5*k - 655. What is the units digit of u?
0
Let v(h) = -14*h**3 - 2*h - 1. Let u be v(-1). Suppose 0 = 3*w - 30 - u. What is the tens digit of w?
1
Let i(s) = 57*s**2 + 34*s - 92. What is the units digit of i(3)?
3
Let f(k) = 11782*k + 1896. What is the units digit of f(5)?
6
Let g = -18 + 47. Let h = -27 + g. Suppose 2*c = 4*x + 212, x - 193 = -h*c + 4. What is the tens digit of c?
0
Let d(n) = 176*n + 386. Let t be d(17). Let r = t - 2068. What is the thousands digit of r?
1
Suppose 4 = -6*x + 34. Let h = x + 10. What is the units digit of (16/(-10))/((-6)/h)?
4
Suppose -201*x + 101*x = -113*x + 24947. What is the tens digit of x?
1
Suppose 8*r = 9*r - 3*c + 12, -c = r - 8. Suppose 1 = r*l - 3869. What is the hundreds digit of l?
2
Let c(r) = 108*r - 6. Let k(q) = -53*q + 2. Let p(s) = 2*c(s) + 5*k(s). What is the hundreds digit of p(-3)?
1
Let w(t) = -t**2 + 31*t - 1. Let c be w(6). Let l = 285 + c. What is the tens digit of l?
3
Suppose -8 = -3*d + 4. Let w be -1 + d - (-20)/2. What is the tens digit of (-4 + 50)/(w/(-5) - -3)?
1
Suppose 3*l + 4*c = -3, -2*l - 3*c + 1 - 2 = 0. Let d = l - -13. Suppose -3*n - 235 = -d*n. What is the tens digit of n?
4
Let r(f) = -3*f**3 + 139*f**2 + 4*f - 102. What is the thousands digit of r(45)?
8
Let n be (-2)/(-20) - 64827/270. Let v = -228 - n. What is the units digit of v?
2
Let z(o) = 14*o**2 + 5 - o**3 - 247*o + 138*o + 127*o. What is the units digit of z(13)?
8
Suppose d - 26071 = -8*k, -54*d - 5*k + 52164 = -52*d. What is the ten thousands digit of d?
2
What is the hundreds digit of (-3 - -3) + (-1)/(-1) - -16040?
0
Suppose -v - 3*u + 615 = -253, -3*v = -3*u - 2592. What is the hundreds digit of v?
8
Suppose -144697 = -14*t + 102613. What is the tens digit of t?
6
What is the tens digit of 15526/(-3)*(-11 + 247/26)?
6
What is the ten thousands digit of -12 + 11/(165/302595)?
2
Let p be (-2 - (-3)/2)*-2*1. Let j(s) = -2*s**2 - s + 14. Let k(o) = o**2. Let v(m) = p*j(m) + 3*k(m). What is the units digit of v(7)?
6
Suppose -37*i + 104356 - 41863 = 0. What is the thousands digit of i?
1
Suppose 3*f - 16 - 5 = 0. Suppose -3*x + 5 + f = 0. Suppose -461 = -x*r - 129. What is the units digit of r?
3
Let k = -32698 + 66188. What is the tens digit of k?
9
Let f = -9476 - -32141. What is the ten thousands digit of f?
2
Let o be 3*(2 - (-1 - -2)). Let g = 299 + -299. Suppose 0 = -g*z + 4*z - 2*p - 464, -359 = -o*z - 4*p. What is the units digit of z?
7
Let p(x) = -2583*x - 373. What is the units digit of p(-4)?
9
Let t(x) = -409*x - 971. What is the units digit of t(-13)?
6
Let t(w) be the third derivative of 17*w**4/24 - w**3/3 - 99*w**2. What is the hundreds digit of t(18)?
3
Suppose -458 = -14*t + 1992. Suppose -11*a + t = -10*a. What is the hundreds digit of a?
1
Suppose 3*w + 1835 = -5*v - 3049, 0 = -3*v. Let p = 2711 + w. What is the hundreds digit of p?
0
Let n(o) = 3*o**2 + 316*o + 444. What is the units digit of n(74)?
6
Suppose 2*r + 24*r = 36920. What is the hundreds digit of r?
4
Let t = 12586 + -8782. What is the units digit of t?
4
Suppose i + 9*f - 4990 = 6*f, -i + 4990 = f. What is the units digit of i?
0
Suppose -41*p + 33462 = -246102 - 123835. What is the units digit of p?
9
Let s(f) = 1021*f - 858. What is the ten thousands digit of s(20)?
1
Let n = -26114 + 33442. What is the tens digit of n?
2
Let b(z) = 4*z - 5. Let y be b(2). Suppose f - 12 = y*f. What is the tens digit of 1/(9 + f - 280/94)?
4
What is the hundreds digit of 8 + (-13 - (-73696)/8)?
2
Suppose -3*v = -2*t + 15, 5*v - 2*t - 3*t + 20 = 0. What is the tens digit of (-1075)/((v - -4) + 2)?
7
Let k be (-2)/((-50)/15) - (-306)/(-10). Let n be (1 + -1*4)/(k/40). Suppose 26 - 200 = -n*u + 2*a, u + 2*a = 56. What is the tens digit of u?
4
Suppose -4*x + 174 = -2*h, 3*h = -2*x - 100 - 201. Let o = 157 - -17. Let i = h + o. What is the units digit of i?
7
Suppose 2*g + 92509 = 17*g + 13579. What is the hundreds digit of g?
2
Let n be -6*1/(-21) - 2640/(-21). Let u = n - -85. Suppose -4*t + 233 = -u. What is the hundreds digit of t?
1
Let k = 23 - 19. Suppose k*f - f - 576 = 0. Suppose 2*z - f - 246 = 0. What is the units digit of z?
9
Suppose 3*d + r - 1701 = 0, 0*r + 4*r + 1716 = 3*d. Let i = -243 + d. What is the tens digit of i?
2
Let b(s) = s**3 - 12*s**2 + 5*s - 16. Suppose 5*j - 69 + 9 = 0. Let c be b(j). What is the tens digit of 226*(-3)/(-24) - 11/c?
2
What is the ten thousands digit of ((-2035)/(9 + 2))/(2 - (-483)/(-240))?
1
What is the ten thousands digit of ((-88)/(-16))/(75/251400)?
1
Suppose -5*k - 8 + 33 = 0. Suppose p - 3*p = -5*h + 50, k*p + 33 = h. Su